 Suppose -t + 14 = 2*t - 2*y, -2*t - 4*y = 12. Let k(x) = 3*x**3 + x**2 - x + 2. What is the remainder when k(t) is divided by u?
8
Let u(w) = 5*w - 30. Let v be u(6). What is the remainder when (-17)/(-1) + 1 + v is divided by 7?
4
Let c(f) = 15*f**2 - 2*f - 47. Let a(o) = -7*o**2 + o + 24. Let x(i) = -13*a(i) - 6*c(i). Calculate the remainder when x(14) is divided by 26.
22
Suppose -19*j + 40 = -24*j. Suppose 40 = k - 5*y + 10, k - 22 = y. Calculate the remainder when (j - -10)/((-2)/(-77)) is divided by k.
17
Suppose u + 4*u = 30. Suppose -6*j = -5*j - 2*d + 3, j - d = 0. What is the remainder when u is divided by j?
0
Suppose 5 = 6*q - 1. Calculate the remainder when -9*23*(-2)/6 is divided by (q + (-1)/2)/((-38)/(-1824)).
21
Let u(v) be the first derivative of -3*v**2 - 15*v - 17. Calculate the remainder when 24 is divided by u(-4).
6
Suppose -6*p = p. Suppose -x + 2 + 13 = p. Suppose 2*r = -2*r + 24. What is the remainder when x is divided by r?
3
Let f = 3 + 2. Suppose -2*m - 53 = -3*m - c, 0 = -f*m - 3*c + 255. Let v = 81 - m. Calculate the remainder when v is divided by 12.
9
Suppose -15*o + 126 = -o. Let z(b) = 2*b**2 - 17*b + 10. What is the remainder when 93 is divided by z(o)?
17
Suppose d + 76 = 225. Calculate the remainder when d is divided by 19.
16
Let p = 24 - 20. Suppose -4*o - p*m + 54 = -2*o, 3*o = -m + 81. What is the remainder when (2 - 1) + 1*52 is divided by o?
26
Let o(z) = 6*z + 3. Let x = -30 + 35. Suppose a - x*f = 4, 2*a - 3*a = -f - 8. What is the remainder when o(5) is divided by a?
6
Suppose 6026 = 41*r - 12260. What is the remainder when r is divided by 64?
62
Suppose -4*f = -l + 553, 5*f + 20 = -0*f. Calculate the remainder when l is divided by 90.
87
Suppose -382*w - 30 = -385*w. What is the remainder when 328 is divided by w?
8
Suppose -507 = 19*n - 32*n. What is the remainder when 181 is divided by n?
25
Let b be (0 + -34)/(-2) - -2. Suppose b = p - 6. What is the remainder when 94/2*-3*(-3)/9 is divided by p?
22
Let i(g) = 23*g + 29. What is the remainder when i(26) is divided by 35?
32
Let y = 9 + -7. Suppose 119 = 5*z + 4*l, -5*z - y*l + 10 + 117 = 0. Calculate the remainder when z is divided by 14.
13
Suppose -177 = -51*l + 486. Calculate the remainder when 55 is divided by l.
3
Calculate the remainder when 808 is divided by (-9)/(-1) + -24 + 42.
25
Suppose -5*m + 106 = -84. Suppose 8*v = 3*v + 10. Suppose -50 = -v*f - 3*f. What is the remainder when m is divided by f?
8
Let j be ((-16)/(-20))/(1/(-50)). Calculate the remainder when (-690)/(-8) + 10/j is divided by 29.
28
Suppose 0 = 4*m + p + 9, 0 = m + 4*m - 5*p + 5. Suppose -y + 7 = -4. What is the remainder when m/(6/9) + 35 is divided by y?
10
Let r(n) = 13 + n**2 + 2*n - 6 - 8*n. Let y be r(5). Suppose y*t - 66 + 14 = 0. Calculate the remainder when t is divided by 9.
8
Suppose 0 = 5*n + 3*a - 87, -3*n + 53 = -a + 3*a. Let x(c) = -8*c - 12. What is the remainder when x(-5) is divided by n?
13
Let s be (-10)/8 + 391/92. Suppose 14 = h + 2*f - 3*f, -2*h = -4*f - 38. Calculate the remainder when 82 is divided by (51/9)/(s/h).
14
Let x = -151 + 171. Suppose 47 + 96 = 5*b + c, -3*b + 75 = -3*c. Calculate the remainder when (-60)/((-15)/x + 0) is divided by b.
24
Let d = -40 - -114. Suppose -3*j = 5*g - d, 2*g - 7*g - 34 = -3*j. What is the remainder when (-44 - -40)*2*(-102)/16 is divided by j?
15
Suppose 48 = 2*a + 6*a. Suppose 34 - a = 4*n. What is the remainder when 20 is divided by n?
6
Suppose 2*x + 114 = 5*m, -18*m + 5*x = -19*m + 12. What is the remainder when 61 is divided by m?
17
Let w = -23 - -80. Let q = -11 + w. Let m = 3 + 13. Calculate the remainder when q is divided by m.
14
Let h = 8 + 4. Let u(p) = p**3 - 13*p**2 + 14*p + 4. What is the remainder when 81 is divided by u(h)?
25
Let a = 102 - 98. Suppose v - a*g = -v + 4, 4*v + 5*g - 34 = 0. Calculate the remainder when v is divided by 2.
0
Suppose -12*v = -48*v + 1260. What is the remainder when 124 is divided by v?
19
Let g(s) = -s**3 + s**2 + 2*s + 10. Let r be g(0). Calculate the remainder when (1944/135)/(4/r) is divided by 20.
16
Suppose 0 = 14*t - 150 - 270. Calculate the remainder when 83 is divided by t.
23
Let j(l) = l**3 + 3*l**2 + l + 1. Let q be 8/(0 - -4) - 4. Calculate the remainder when 6 is divided by j(q).
0
Let c = 983 - 975. Calculate the remainder when 22 is divided by c.
6
Suppose 4*i - 278 = 394. Suppose 6*x - 210 = i. Calculate the remainder when x is divided by 16.
15
Let k(u) be the third derivative of -u**5/60 + 11*u**4/24 - u**3/2 + 7*u**2. Let z be k(12). Let f = 24 + z. What is the remainder when f is divided by 5?
4
Let h(j) = j**3 + 12*j**2 + 36*j + 36. What is the remainder when 61 is divided by h(-8)?
1
Let a(w) = 13*w - 3. Let d = -13743 + 13754. Calculate the remainder when a(4) is divided by d.
5
Let r(g) = 47*g - 1. Let t be r(-2). Let y = -80 - t. Calculate the remainder when 23 is divided by y.
8
Suppose 7*q - 105 = -14. Suppose -8 = -k + q. What is the remainder when 103 is divided by k?
19
What is the remainder when ((-291)/9)/(-1) - 19/57 is divided by 26?
6
Let p = -366 + 379. Calculate the remainder when 23 is divided by p.
10
Suppose 0 = -5*w + 3*w + 14. Suppose 5*z = 3*r - 30, -z + 32 = 4*r - 5*z. What is the remainder when w is divided by r?
2
Let k be 4*(-4)/24*-69. Let c = 78 - k. Let q = c + -28. What is the remainder when 9 is divided by q?
1
Suppose -47 = -s - 5*h, -2*s - 2*h = -159 + 41. Let i = s - 41. What is the remainder when 80 is divided by i?
17
Let x(t) = 4*t + 3. Suppose -4*w + 0*w + 40 = 0. What is the remainder when w is divided by x(0)?
1
Let b = 4 - 10. Calculate the remainder when b/(-30) + (-222)/(-15) is divided by 5.
0
Let n be -5*(-6)/15 + 1. Suppose 3*c + c + 4*o - 64 = 0, -c = -n*o - 36. Calculate the remainder when c is divided by 7.
0
Let g = -49 + 65. Let v(u) = 15*u - 1. Calculate the remainder when v(3) is divided by g.
12
Let y = 1582 + -1553. Suppose -5*g + 204 = -361. What is the remainder when g is divided by y?
26
Let p = -35 - -18. Let y = 84 + -45. Let t = p + y. Calculate the remainder when t is divided by 8.
6
Suppose k + 3*k = 0. Let m(d) = d**2 + 6*d - 14. Let u be m(5). Suppose 2*t - u - 27 = k. What is the remainder when t is divided by 18?
16
Let b(j) be the third derivative of j**5/60 - j**4/8 + 5*j**3/3 - 2*j**2. Let v = -1 - -5. What is the remainder when 54 is divided by b(v)?
12
Let z = 840 + -795. Calculate the remainder when 92 is divided by z.
2
Suppose 10*w - 670 = 5*w. What is the remainder when w is divided by 23?
19
Let p = -184 - -193. Suppose 0 = -3*l + b + 75, 5*l - 3*b = -51 + 180. Calculate the remainder when l is divided by p.
6
Let l(s) = -s**3 - 2*s + 1. Let h be l(1). What is the remainder when 78 is divided by (13 - 18)/(h/8)?
18
Suppose c = 3 - 0. Let k(l) = -l**2 + 4*l - 1. Suppose -5 = 5*n, -3*n - 18 = -3*t - 0*n. Calculate the remainder when t is divided by k(c).
1
Let l(k) = -11*k**2 - 80*k + 4. What is the remainder when 29 is divided by l(-7)?
4
Suppose 3*h - 554 = -u, 4*u = h - 231 + 29. Calculate the remainder when h is divided by 45.
6
Let r(m) = -7*m - 16. Calculate the remainder when r(-10) is divided by 19.
16
Let g be 3/1 - -15*(7 - 8). Suppose 2*r - 49 = -3*d, r + 37 = -4*d + 104. What is the remainder when g/(-3)*164/8 is divided by d?
14
Suppose -2 + 5 = -3*d. Suppose -5*p + 133 = -0*t + 4*t, 5*t = -5*p + 160. What is the remainder when 854/8 - 1/(-3 + d) is divided by t?
26
Suppose -40 = -4*o + 60. Suppose -26*g = 25*g - 3672. What is the remainder when g is divided by o?
22
What is the remainder when 196 is divided by 2*(5 - (-6 - 0))?
20
Let g(z) = 0*z**2 + 2*z**3 - 7*z**2 + 7*z + 2 + 3*z**3 - 4*z**3. Let u = -14 - -20. Calculate the remainder when 13 is divided by g(u).
5
Let g = -14 + 21. Let p(t) = -17*t + 9*t + 3 + 0*t**2 - t**2 + 0*t**2. Calculate the remainder when p(-7) is divided by g.
3
Let t be (440/14)/((-41)/14 - -3). Let n = 6 - -10. What is the remainder when (-1)/(-2)*(-9)/((-45)/t) is divided by n?
12
Suppose 2*g = -2, -2*s + g + 5 + 2 = 0. Suppose -3*q = s*h - 42, q + 0*q + 16 = h. Suppose 2*a - h = 155. What is the remainder when a is divided by 29?
27
What is the remainder when (-3 - (-3990)/20)/(3/2) is divided by 30 + -1 - (-2)